{"id":1861,"date":"2021-04-12T06:29:50","date_gmt":"2021-04-12T06:29:50","guid":{"rendered":"https:\/\/martinkorosec.com\/spletna-prodaja\/?page_id=1861"},"modified":"2021-04-12T11:52:14","modified_gmt":"2021-04-12T11:52:14","slug":"knjigaalivse","status":"publish","type":"page","link":"https:\/\/martinkorosec.com\/spletna-prodaja\/knjigaalivse\/","title":{"rendered":"Spletna prodaja: \u0160tartaj. | Knjiga ali vse"},"content":{"rendered":"\t\t<div data-elementor-type=\"wp-page\" data-elementor-id=\"1861\" class=\"elementor elementor-1861\" data-elementor-settings=\"[]\">\n\t\t\t\t\t\t\t<div class=\"elementor-section-wrap\">\n\t\t\t\t\t\t\t<section class=\"elementor-section elementor-top-section elementor-element elementor-element-51965ae4 elementor-section-boxed elementor-section-height-default elementor-section-height-default\" data-id=\"51965ae4\" data-element_type=\"section\" data-settings=\"{&quot;background_background&quot;:&quot;classic&quot;}\">\n\t\t\t\t\t\t<div class=\"elementor-container elementor-column-gap-default\">\n\t\t\t\t\t<div class=\"elementor-column elementor-col-50 elementor-top-column elementor-element elementor-element-57b44dad elementor-invisible\" data-id=\"57b44dad\" data-element_type=\"column\" data-settings=\"{&quot;animation&quot;:&quot;none&quot;}\">\n\t\t\t<div class=\"elementor-widget-wrap elementor-element-populated\">\n\t\t\t\t\t\t\t\t<div class=\"elementor-element elementor-element-ae1c143 elementor-invisible elementor-widget elementor-widget-image\" data-id=\"ae1c143\" data-element_type=\"widget\" data-settings=\"{&quot;_animation&quot;:&quot;fadeIn&quot;}\" data-widget_type=\"image.default\">\n\t\t\t\t<div class=\"elementor-widget-container\">\n\t\t\t\t\t<div class=\"elementor-image\">\n\t\t\t\t\t\t\t\t\t\t<img loading=\"lazy\" decoding=\"async\" width=\"640\" height=\"964\" src=\"https:\/\/martinkorosec.com\/spletna-prodaja\/wp-content\/uploads\/2021\/04\/marketing-od-a-do-z-knjiga-martin-korosec-druga-izdaja-narocilo-naslovna-mobile-nova-naslovna-2-samo-knjiga-680x1024.png\" class=\"attachment-large size-large\" alt=\"\" srcset=\"https:\/\/martinkorosec.com\/spletna-prodaja\/wp-content\/uploads\/2021\/04\/marketing-od-a-do-z-knjiga-martin-korosec-druga-izdaja-narocilo-naslovna-mobile-nova-naslovna-2-samo-knjiga-680x1024.png 680w, https:\/\/martinkorosec.com\/spletna-prodaja\/wp-content\/uploads\/2021\/04\/marketing-od-a-do-z-knjiga-martin-korosec-druga-izdaja-narocilo-naslovna-mobile-nova-naslovna-2-samo-knjiga-199x300.png 199w, https:\/\/martinkorosec.com\/spletna-prodaja\/wp-content\/uploads\/2021\/04\/marketing-od-a-do-z-knjiga-martin-korosec-druga-izdaja-narocilo-naslovna-mobile-nova-naslovna-2-samo-knjiga-768x1157.png 768w, https:\/\/martinkorosec.com\/spletna-prodaja\/wp-content\/uploads\/2021\/04\/marketing-od-a-do-z-knjiga-martin-korosec-druga-izdaja-narocilo-naslovna-mobile-nova-naslovna-2-samo-knjiga-600x904.png 600w, https:\/\/martinkorosec.com\/spletna-prodaja\/wp-content\/uploads\/2021\/04\/marketing-od-a-do-z-knjiga-martin-korosec-druga-izdaja-narocilo-naslovna-mobile-nova-naslovna-2-samo-knjiga.png 841w\" sizes=\"auto, (max-width: 640px) 100vw, 640px\" \/>\t\t\t\t\t\t\t\t\t\t\t<\/div>\n\t\t\t\t<\/div>\n\t\t\t\t<\/div>\n\t\t\t\t<div class=\"elementor-element elementor-element-fc0c6c9 elementor-widget elementor-widget-text-editor\" data-id=\"fc0c6c9\" data-element_type=\"widget\" data-widget_type=\"text-editor.default\">\n\t\t\t\t<div class=\"elementor-widget-container\">\n\t\t\t\t\t<div class=\"elementor-text-editor elementor-clearfix\"><p><strong>Knjiga \u201eDigitalni marketing od A do \u017d\u201c<\/strong><br \/>400 strani navodil po korakih<\/p><\/div>\n\t\t\t\t<\/div>\n\t\t\t\t<\/div>\n\t\t\t\t<div class=\"elementor-element elementor-element-26b5980 elementor-headline--style-highlight elementor-widget elementor-widget-animated-headline\" data-id=\"26b5980\" data-element_type=\"widget\" data-settings=\"{&quot;marker&quot;:&quot;diagonal&quot;,&quot;highlighted_text&quot;:&quot;42\\u20ac&quot;,&quot;headline_style&quot;:&quot;highlight&quot;}\" data-widget_type=\"animated-headline.default\">\n\t\t\t\t<div class=\"elementor-widget-container\">\n\t\t\t\t\t<h3 class=\"elementor-headline\">\n\t\t\t\t\t\t\t<span class=\"elementor-headline-plain-text elementor-headline-text-wrapper\">Redna cena:<\/span>\n\t\t\t\t\t\t<span class=\"elementor-headline-dynamic-wrapper elementor-headline-text-wrapper\"><\/span>\n\t\t\t\t\t<\/h3>\n\t\t\t\t<\/div>\n\t\t\t\t<\/div>\n\t\t\t\t<div class=\"elementor-element elementor-element-4944745 elementor-widget elementor-widget-text-editor\" data-id=\"4944745\" data-element_type=\"widget\" data-widget_type=\"text-editor.default\">\n\t\t\t\t<div class=\"elementor-widget-container\">\n\t\t\t\t\t<div class=\"elementor-text-editor elementor-clearfix\"><p><b>39 \u20ac<\/b> z dostavo<\/p><\/div>\n\t\t\t\t<\/div>\n\t\t\t\t<\/div>\n\t\t\t\t<div class=\"elementor-element elementor-element-c3f6028 elementor-mobile-align-center elementor-align-center elementor-widget elementor-widget-button\" data-id=\"c3f6028\" data-element_type=\"widget\" data-widget_type=\"button.default\">\n\t\t\t\t<div class=\"elementor-widget-container\">\n\t\t\t\t\t<div class=\"elementor-button-wrapper\">\n\t\t\t<a href=\"https:\/\/www.martinkorosec.com\/knjiga\/digitalni-marketing\/narocilo-samo-knjiga\/?add-to-cart=5521\" class=\"elementor-button-link elementor-button elementor-size-xs\" role=\"button\">\n\t\t\t\t\t\t<span class=\"elementor-button-content-wrapper\">\n\t\t\t\t\t\t<span class=\"elementor-button-icon elementor-align-icon-right\">\n\t\t\t\t<i aria-hidden=\"true\" class=\"far fa-arrow-alt-circle-right\"><\/i>\t\t\t<\/span>\n\t\t\t\t\t\t<span class=\"elementor-button-text\">NARO\u010cI<\/span>\n\t\t<\/span>\n\t\t\t\t\t<\/a>\n\t\t<\/div>\n\t\t\t\t<\/div>\n\t\t\t\t<\/div>\n\t\t\t\t\t<\/div>\n\t\t<\/div>\n\t\t\t\t<div class=\"elementor-column elementor-col-50 elementor-top-column elementor-element elementor-element-7f611949\" data-id=\"7f611949\" data-element_type=\"column\">\n\t\t\t<div class=\"elementor-widget-wrap elementor-element-populated\">\n\t\t\t\t\t\t\t\t<div class=\"elementor-element elementor-element-83b9abe elementor-invisible elementor-widget elementor-widget-image\" data-id=\"83b9abe\" data-element_type=\"widget\" data-settings=\"{&quot;_animation&quot;:&quot;fadeIn&quot;}\" data-widget_type=\"image.default\">\n\t\t\t\t<div class=\"elementor-widget-container\">\n\t\t\t\t\t<div class=\"elementor-image\">\n\t\t\t\t\t\t\t\t\t\t<img loading=\"lazy\" decoding=\"async\" width=\"640\" height=\"612\" src=\"https:\/\/martinkorosec.com\/spletna-prodaja\/wp-content\/uploads\/2021\/04\/ana-martin-maja.png\" class=\"attachment-large size-large\" alt=\"\" srcset=\"https:\/\/martinkorosec.com\/spletna-prodaja\/wp-content\/uploads\/2021\/04\/ana-martin-maja.png 936w, https:\/\/martinkorosec.com\/spletna-prodaja\/wp-content\/uploads\/2021\/04\/ana-martin-maja-300x287.png 300w, https:\/\/martinkorosec.com\/spletna-prodaja\/wp-content\/uploads\/2021\/04\/ana-martin-maja-768x734.png 768w, https:\/\/martinkorosec.com\/spletna-prodaja\/wp-content\/uploads\/2021\/04\/ana-martin-maja-600x574.png 600w\" sizes=\"auto, (max-width: 640px) 100vw, 640px\" \/>\t\t\t\t\t\t\t\t\t\t\t<\/div>\n\t\t\t\t<\/div>\n\t\t\t\t<\/div>\n\t\t\t\t<div class=\"elementor-element elementor-element-c7cc04e elementor-widget elementor-widget-text-editor\" data-id=\"c7cc04e\" data-element_type=\"widget\" data-widget_type=\"text-editor.default\">\n\t\t\t\t<div class=\"elementor-widget-container\">\n\t\t\t\t\t<div class=\"elementor-text-editor elementor-clearfix\"><p><strong>Knjiga \u201eDigitalni marketing od A do \u017d\u201c<\/strong><br \/>400 strani navodil po korakih<\/p><\/div>\n\t\t\t\t<\/div>\n\t\t\t\t<\/div>\n\t\t\t\t<div class=\"elementor-element elementor-element-f7d24f0 elementor-align-center elementor-mobile-align-center elementor-icon-list--layout-traditional elementor-list-item-link-full_width elementor-widget elementor-widget-icon-list\" data-id=\"f7d24f0\" data-element_type=\"widget\" data-widget_type=\"icon-list.default\">\n\t\t\t\t<div class=\"elementor-widget-container\">\n\t\t\t\t\t<ul class=\"elementor-icon-list-items\">\n\t\t\t\t\t\t\t<li class=\"elementor-icon-list-item\">\n\t\t\t\t\t\t\t\t\t\t\t<span class=\"elementor-icon-list-icon\">\n\t\t\t\t\t\t\t<i aria-hidden=\"true\" class=\"fas fa-plus-circle\"><\/i>\t\t\t\t\t\t<\/span>\n\t\t\t\t\t\t\t\t\t\t<span class=\"elementor-icon-list-text\">PLUS<\/span>\n\t\t\t\t\t\t\t\t\t<\/li>\n\t\t\t\t\t\t<\/ul>\n\t\t\t\t<\/div>\n\t\t\t\t<\/div>\n\t\t\t\t<div class=\"elementor-element elementor-element-1362096 elementor-widget elementor-widget-text-editor\" data-id=\"1362096\" data-element_type=\"widget\" data-widget_type=\"text-editor.default\">\n\t\t\t\t<div class=\"elementor-widget-container\">\n\t\t\t\t\t<div class=\"elementor-text-editor elementor-clearfix\"><strong>Vstopnica na spletni te\u010daj v \u017eivo:<\/strong><br>Spletna prodaja. \u0160tartaj!<\/div>\n\t\t\t\t<\/div>\n\t\t\t\t<\/div>\n\t\t\t\t<div class=\"elementor-element elementor-element-3bfb4f8 elementor-align-center elementor-mobile-align-center elementor-icon-list--layout-traditional elementor-list-item-link-full_width elementor-widget elementor-widget-icon-list\" data-id=\"3bfb4f8\" data-element_type=\"widget\" data-widget_type=\"icon-list.default\">\n\t\t\t\t<div class=\"elementor-widget-container\">\n\t\t\t\t\t<ul class=\"elementor-icon-list-items\">\n\t\t\t\t\t\t\t<li class=\"elementor-icon-list-item\">\n\t\t\t\t\t\t\t\t\t\t\t<span class=\"elementor-icon-list-icon\">\n\t\t\t\t\t\t\t<i aria-hidden=\"true\" class=\"fas fa-plus-circle\"><\/i>\t\t\t\t\t\t<\/span>\n\t\t\t\t\t\t\t\t\t\t<span class=\"elementor-icon-list-text\">PLUS<\/span>\n\t\t\t\t\t\t\t\t\t<\/li>\n\t\t\t\t\t\t<\/ul>\n\t\t\t\t<\/div>\n\t\t\t\t<\/div>\n\t\t\t\t<div class=\"elementor-element elementor-element-5701a54 elementor-widget elementor-widget-text-editor\" data-id=\"5701a54\" data-element_type=\"widget\" data-widget_type=\"text-editor.default\">\n\t\t\t\t<div class=\"elementor-widget-container\">\n\t\t\t\t\t<div class=\"elementor-text-editor elementor-clearfix\"><strong>Posnetek prakti\u010dnega spletnega te\u010daja<\/strong><br>(6 ur)<\/div>\n\t\t\t\t<\/div>\n\t\t\t\t<\/div>\n\t\t\t\t<div class=\"elementor-element elementor-element-8a89692 elementor-headline--style-highlight elementor-widget elementor-widget-animated-headline\" data-id=\"8a89692\" data-element_type=\"widget\" data-settings=\"{&quot;marker&quot;:&quot;diagonal&quot;,&quot;highlighted_text&quot;:&quot;188\\u20ac&quot;,&quot;headline_style&quot;:&quot;highlight&quot;}\" data-widget_type=\"animated-headline.default\">\n\t\t\t\t<div class=\"elementor-widget-container\">\n\t\t\t\t\t<h3 class=\"elementor-headline\">\n\t\t\t\t\t\t\t<span class=\"elementor-headline-plain-text elementor-headline-text-wrapper\">Redna cena:<\/span>\n\t\t\t\t\t\t<span class=\"elementor-headline-dynamic-wrapper elementor-headline-text-wrapper\"><\/span>\n\t\t\t\t\t<\/h3>\n\t\t\t\t<\/div>\n\t\t\t\t<\/div>\n\t\t\t\t<div class=\"elementor-element elementor-element-92f8f65 elementor-widget elementor-widget-text-editor\" data-id=\"92f8f65\" data-element_type=\"widget\" data-widget_type=\"text-editor.default\">\n\t\t\t\t<div class=\"elementor-widget-container\">\n\t\t\t\t\t<div class=\"elementor-text-editor elementor-clearfix\"><p><b>Early bird cena:<\/b> 59 \u20ac<\/p><\/div>\n\t\t\t\t<\/div>\n\t\t\t\t<\/div>\n\t\t\t\t<div class=\"elementor-element elementor-element-575672b elementor-widget elementor-widget-text-editor\" data-id=\"575672b\" data-element_type=\"widget\" data-widget_type=\"text-editor.default\">\n\t\t\t\t<div class=\"elementor-widget-container\">\n\t\t\t\t\t<div class=\"elementor-text-editor elementor-clearfix\"><p>Naro\u010dite zdaj in prihranite \u2013 129 \u20ac<\/p><\/div>\n\t\t\t\t<\/div>\n\t\t\t\t<\/div>\n\t\t\t\t<div class=\"elementor-element elementor-element-99438cd elementor-mobile-align-center elementor-align-center elementor-widget elementor-widget-button\" data-id=\"99438cd\" data-element_type=\"widget\" data-widget_type=\"button.default\">\n\t\t\t\t<div class=\"elementor-widget-container\">\n\t\t\t\t\t<div class=\"elementor-button-wrapper\">\n\t\t\t<a href=\"https:\/\/martinkorosec.com\/spletna-prodaja\/narocilo-kompletna-ponudba\/?add-to-cart=1723\" class=\"elementor-button-link elementor-button elementor-size-xs\" role=\"button\">\n\t\t\t\t\t\t<span class=\"elementor-button-content-wrapper\">\n\t\t\t\t\t\t<span class=\"elementor-button-icon elementor-align-icon-right\">\n\t\t\t\t<i aria-hidden=\"true\" class=\"far fa-arrow-alt-circle-right\"><\/i>\t\t\t<\/span>\n\t\t\t\t\t\t<span class=\"elementor-button-text\">IZBERITE ZDAJ<\/span>\n\t\t<\/span>\n\t\t\t\t\t<\/a>\n\t\t<\/div>\n\t\t\t\t<\/div>\n\t\t\t\t<\/div>\n\t\t\t\t<div class=\"elementor-element elementor-element-1bac8e2a elementor-absolute elementor-widget-tablet__width-initial elementor-widget-mobile__width-initial elementor-invisible elementor-widget elementor-widget-image\" data-id=\"1bac8e2a\" data-element_type=\"widget\" data-settings=\"{&quot;_position&quot;:&quot;absolute&quot;,&quot;_animation&quot;:&quot;zoomIn&quot;}\" data-widget_type=\"image.default\">\n\t\t\t\t<div class=\"elementor-widget-container\">\n\t\t\t\t\t<div class=\"elementor-image\">\n\t\t\t\t\t\t\t\t\t\t<img loading=\"lazy\" decoding=\"async\" width=\"630\" height=\"180\" src=\"https:\/\/martinkorosec.com\/spletna-prodaja\/wp-content\/uploads\/2021\/03\/home03-2.png\" class=\"attachment-large size-large\" alt=\"\" srcset=\"https:\/\/martinkorosec.com\/spletna-prodaja\/wp-content\/uploads\/2021\/03\/home03-2.png 630w, https:\/\/martinkorosec.com\/spletna-prodaja\/wp-content\/uploads\/2021\/03\/home03-2-300x86.png 300w, https:\/\/martinkorosec.com\/spletna-prodaja\/wp-content\/uploads\/2021\/03\/home03-2-600x171.png 600w\" sizes=\"auto, (max-width: 630px) 100vw, 630px\" \/>\t\t\t\t\t\t\t\t\t\t\t<\/div>\n\t\t\t\t<\/div>\n\t\t\t\t<\/div>\n\t\t\t\t<div class=\"elementor-element elementor-element-24ceb94e elementor-absolute elementor-widget-tablet__width-initial elementor-widget-mobile__width-initial elementor-invisible elementor-widget elementor-widget-image\" data-id=\"24ceb94e\" data-element_type=\"widget\" data-settings=\"{&quot;_position&quot;:&quot;absolute&quot;,&quot;_animation&quot;:&quot;zoomIn&quot;}\" data-widget_type=\"image.default\">\n\t\t\t\t<div class=\"elementor-widget-container\">\n\t\t\t\t\t<div class=\"elementor-image\">\n\t\t\t\t\t\t\t\t\t\t<img loading=\"lazy\" decoding=\"async\" width=\"630\" height=\"180\" src=\"https:\/\/martinkorosec.com\/spletna-prodaja\/wp-content\/uploads\/2021\/03\/home03-1.png\" class=\"attachment-large size-large\" alt=\"\" srcset=\"https:\/\/martinkorosec.com\/spletna-prodaja\/wp-content\/uploads\/2021\/03\/home03-1.png 630w, https:\/\/martinkorosec.com\/spletna-prodaja\/wp-content\/uploads\/2021\/03\/home03-1-300x86.png 300w, https:\/\/martinkorosec.com\/spletna-prodaja\/wp-content\/uploads\/2021\/03\/home03-1-600x171.png 600w\" sizes=\"auto, (max-width: 630px) 100vw, 630px\" \/>\t\t\t\t\t\t\t\t\t\t\t<\/div>\n\t\t\t\t<\/div>\n\t\t\t\t<\/div>\n\t\t\t\t<div class=\"elementor-element elementor-element-b6f970e elementor-absolute elementor-widget-tablet__width-initial elementor-widget-mobile__width-initial elementor-hidden-tablet elementor-hidden-phone elementor-invisible elementor-widget elementor-widget-image\" data-id=\"b6f970e\" data-element_type=\"widget\" data-settings=\"{&quot;_position&quot;:&quot;absolute&quot;,&quot;_animation&quot;:&quot;zoomIn&quot;}\" data-widget_type=\"image.default\">\n\t\t\t\t<div class=\"elementor-widget-container\">\n\t\t\t\t\t<div class=\"elementor-image\">\n\t\t\t\t\t\t\t\t\t\t<img loading=\"lazy\" decoding=\"async\" width=\"640\" height=\"353\" src=\"https:\/\/martinkorosec.com\/spletna-prodaja\/wp-content\/uploads\/2021\/03\/krog-slider-1024x565.png\" class=\"attachment-large size-large\" alt=\"\" srcset=\"https:\/\/martinkorosec.com\/spletna-prodaja\/wp-content\/uploads\/2021\/03\/krog-slider-1024x565.png 1024w, https:\/\/martinkorosec.com\/spletna-prodaja\/wp-content\/uploads\/2021\/03\/krog-slider-300x165.png 300w, https:\/\/martinkorosec.com\/spletna-prodaja\/wp-content\/uploads\/2021\/03\/krog-slider-768x424.png 768w, https:\/\/martinkorosec.com\/spletna-prodaja\/wp-content\/uploads\/2021\/03\/krog-slider-600x331.png 600w, https:\/\/martinkorosec.com\/spletna-prodaja\/wp-content\/uploads\/2021\/03\/krog-slider.png 1510w\" sizes=\"auto, (max-width: 640px) 100vw, 640px\" \/>\t\t\t\t\t\t\t\t\t\t\t<\/div>\n\t\t\t\t<\/div>\n\t\t\t\t<\/div>\n\t\t\t\t\t<\/div>\n\t\t<\/div>\n\t\t\t\t\t\t\t<\/div>\n\t\t<\/section>\n\t\t\t\t<section class=\"elementor-section elementor-top-section elementor-element elementor-element-436e5d5 elementor-section-boxed elementor-section-height-default elementor-section-height-default\" data-id=\"436e5d5\" data-element_type=\"section\" data-settings=\"{&quot;background_background&quot;:&quot;classic&quot;}\">\n\t\t\t\t\t\t<div class=\"elementor-container elementor-column-gap-default\">\n\t\t\t\t\t<div class=\"elementor-column elementor-col-100 elementor-top-column elementor-element elementor-element-501906a\" data-id=\"501906a\" data-element_type=\"column\">\n\t\t\t<div class=\"elementor-widget-wrap elementor-element-populated\">\n\t\t\t\t\t\t\t\t<div class=\"elementor-element elementor-element-83cfbbe elementor-widget elementor-widget-text-editor\" data-id=\"83cfbbe\" data-element_type=\"widget\" data-widget_type=\"text-editor.default\">\n\t\t\t\t<div class=\"elementor-widget-container\">\n\t\t\t\t\t<div class=\"elementor-text-editor elementor-clearfix\"><strong>Copyright 2021<\/strong>\u00a0| <a style=\"color: #fff;\" href=\"#\">Splo\u0161ni pogoji poslovanja<\/a> | <a style=\"color: #fff;\" href=\"https:\/\/martinkorosec.com\/spletna-prodaja\/splosni-pogoji\/\"> GOG data d.o.o.<\/div>\n\t\t\t\t<\/div>\n\t\t\t\t<\/div>\n\t\t\t\t\t<\/div>\n\t\t<\/div>\n\t\t\t\t\t\t\t<\/div>\n\t\t<\/section>\n\t\t\t\t\t\t<\/div>\n\t\t\t\t\t<\/div>\n\t\t","protected":false},"excerpt":{"rendered":"<p>Knjiga \u201eDigitalni marketing od A do \u017d\u201c400 strani navodil po korakih Redna cena: 39 \u20ac z dostavo NARO\u010cI Knjiga \u201eDigitalni marketing od A do \u017d\u201c400 strani navodil po korakih PLUS Vstopnica na spletni te\u010daj v \u017eivo:Spletna prodaja. \u0160tartaj! PLUS Posnetek prakti\u010dnega spletnega te\u010daja(6 ur) Redna cena: Early bird cena: 59 \u20ac Naro\u010dite zdaj in prihranite [&hellip;]<\/p>\n","protected":false},"author":1,"featured_media":1155,"parent":0,"menu_order":0,"comment_status":"closed","ping_status":"closed","template":"elementor_canvas","meta":{"footnotes":""},"class_list":["post-1861","page","type-page","status-publish","has-post-thumbnail","hentry"],"yoast_head":"<!-- This site is optimized with the Yoast SEO plugin v15.9.2 - https:\/\/yoast.com\/wordpress\/plugins\/seo\/ -->\n<title>Spletna prodaja: \u0160tartaj. | Knjiga ali vse - Spletna prodaja: \u0160TARTAJ.<\/title>\n<link rel=\"canonical\" href=\"https:\/\/martinkorosec.com\/spletna-prodaja\/knjigaalivse\/\" \/>\n<meta property=\"og:locale\" content=\"sl_SI\" \/>\n<meta property=\"og:type\" content=\"article\" \/>\n<meta property=\"og:title\" content=\"Spletna prodaja: \u0160tartaj. | Knjiga ali vse - Spletna prodaja: \u0160TARTAJ.\" \/>\n<meta property=\"og:description\" content=\"Knjiga \u201eDigitalni marketing od A do \u017d\u201c400 strani navodil po korakih Redna cena: 39 \u20ac z dostavo NARO\u010cI Knjiga \u201eDigitalni marketing od A do \u017d\u201c400 strani navodil po korakih PLUS Vstopnica na spletni te\u010daj v \u017eivo:Spletna prodaja. \u0160tartaj! PLUS Posnetek prakti\u010dnega spletnega te\u010daja(6 ur) Redna cena: Early bird cena: 59 \u20ac Naro\u010dite zdaj in prihranite [&hellip;]\" \/>\n<meta property=\"og:url\" content=\"https:\/\/martinkorosec.com\/spletna-prodaja\/knjigaalivse\/\" \/>\n<meta property=\"og:site_name\" content=\"Spletna prodaja: \u0160TARTAJ.\" \/>\n<meta property=\"article:modified_time\" content=\"2021-04-12T11:52:14+00:00\" \/>\n<meta property=\"og:image\" content=\"https:\/\/martinkorosec.com\/spletna-prodaja\/wp-content\/uploads\/2021\/03\/facebook-share.jpg\" \/>\n\t<meta property=\"og:image:width\" content=\"1200\" \/>\n\t<meta property=\"og:image:height\" content=\"630\" \/>\n<meta name=\"twitter:card\" content=\"summary_large_image\" \/>\n<meta name=\"twitter:image\" content=\"https:\/\/martinkorosec.com\/spletna-prodaja\/wp-content\/uploads\/2021\/03\/facebook-share.jpg\" \/>\n<meta name=\"twitter:label1\" content=\"Est. reading time\">\n\t<meta name=\"twitter:data1\" content=\"2 minuti\">\n<script type=\"application\/ld+json\" class=\"yoast-schema-graph\">{\"@context\":\"https:\/\/schema.org\",\"@graph\":[{\"@type\":\"WebSite\",\"@id\":\"https:\/\/martinkorosec.com\/spletna-prodaja\/#website\",\"url\":\"https:\/\/martinkorosec.com\/spletna-prodaja\/\",\"name\":\"Spletna prodaja: \\u0160TARTAJ.\",\"description\":\"Prakti\\u010dni seminar. Koristen. Zabaven. Premierno v obliki zanimive televizijske oddaje.\",\"potentialAction\":[{\"@type\":\"SearchAction\",\"target\":\"https:\/\/martinkorosec.com\/spletna-prodaja\/?s={search_term_string}\",\"query-input\":\"required name=search_term_string\"}],\"inLanguage\":\"sl-SI\"},{\"@type\":\"ImageObject\",\"@id\":\"https:\/\/martinkorosec.com\/spletna-prodaja\/knjigaalivse\/#primaryimage\",\"inLanguage\":\"sl-SI\",\"url\":\"https:\/\/martinkorosec.com\/spletna-prodaja\/wp-content\/uploads\/2021\/03\/facebook-share.jpg\",\"width\":1200,\"height\":630},{\"@type\":\"WebPage\",\"@id\":\"https:\/\/martinkorosec.com\/spletna-prodaja\/knjigaalivse\/#webpage\",\"url\":\"https:\/\/martinkorosec.com\/spletna-prodaja\/knjigaalivse\/\",\"name\":\"Spletna prodaja: \\u0160tartaj. | Knjiga ali vse - Spletna prodaja: \\u0160TARTAJ.\",\"isPartOf\":{\"@id\":\"https:\/\/martinkorosec.com\/spletna-prodaja\/#website\"},\"primaryImageOfPage\":{\"@id\":\"https:\/\/martinkorosec.com\/spletna-prodaja\/knjigaalivse\/#primaryimage\"},\"datePublished\":\"2021-04-12T06:29:50+00:00\",\"dateModified\":\"2021-04-12T11:52:14+00:00\",\"breadcrumb\":{\"@id\":\"https:\/\/martinkorosec.com\/spletna-prodaja\/knjigaalivse\/#breadcrumb\"},\"inLanguage\":\"sl-SI\",\"potentialAction\":[{\"@type\":\"ReadAction\",\"target\":[\"https:\/\/martinkorosec.com\/spletna-prodaja\/knjigaalivse\/\"]}]},{\"@type\":\"BreadcrumbList\",\"@id\":\"https:\/\/martinkorosec.com\/spletna-prodaja\/knjigaalivse\/#breadcrumb\",\"itemListElement\":[{\"@type\":\"ListItem\",\"position\":1,\"item\":{\"@type\":\"WebPage\",\"@id\":\"https:\/\/martinkorosec.com\/spletna-prodaja\/\",\"url\":\"https:\/\/martinkorosec.com\/spletna-prodaja\/\",\"name\":\"Home\"}},{\"@type\":\"ListItem\",\"position\":2,\"item\":{\"@type\":\"WebPage\",\"@id\":\"https:\/\/martinkorosec.com\/spletna-prodaja\/knjigaalivse\/\",\"url\":\"https:\/\/martinkorosec.com\/spletna-prodaja\/knjigaalivse\/\",\"name\":\"Spletna prodaja: \\u0160tartaj. | Knjiga ali vse\"}}]}]}<\/script>\n<!-- \/ Yoast SEO plugin. -->","_links":{"self":[{"href":"https:\/\/martinkorosec.com\/spletna-prodaja\/wp-json\/wp\/v2\/pages\/1861","targetHints":{"allow":["GET"]}}],"collection":[{"href":"https:\/\/martinkorosec.com\/spletna-prodaja\/wp-json\/wp\/v2\/pages"}],"about":[{"href":"https:\/\/martinkorosec.com\/spletna-prodaja\/wp-json\/wp\/v2\/types\/page"}],"author":[{"embeddable":true,"href":"https:\/\/martinkorosec.com\/spletna-prodaja\/wp-json\/wp\/v2\/users\/1"}],"replies":[{"embeddable":true,"href":"https:\/\/martinkorosec.com\/spletna-prodaja\/wp-json\/wp\/v2\/comments?post=1861"}],"version-history":[{"count":35,"href":"https:\/\/martinkorosec.com\/spletna-prodaja\/wp-json\/wp\/v2\/pages\/1861\/revisions"}],"predecessor-version":[{"id":1903,"href":"https:\/\/martinkorosec.com\/spletna-prodaja\/wp-json\/wp\/v2\/pages\/1861\/revisions\/1903"}],"wp:featuredmedia":[{"embeddable":true,"href":"https:\/\/martinkorosec.com\/spletna-prodaja\/wp-json\/wp\/v2\/media\/1155"}],"wp:attachment":[{"href":"https:\/\/martinkorosec.com\/spletna-prodaja\/wp-json\/wp\/v2\/media?parent=1861"}],"curies":[{"name":"wp","href":"https:\/\/api.w.org\/{rel}","templated":true}]}}