{"id":347,"date":"2021-02-02T11:40:28","date_gmt":"2021-02-02T11:40:28","guid":{"rendered":"https:\/\/martinkorosec.com\/spletna-prodaja\/?page_id=347"},"modified":"2021-02-02T12:57:58","modified_gmt":"2021-02-02T12:57:58","slug":"politika-varstva-osebnih-podatkov","status":"publish","type":"page","link":"https:\/\/martinkorosec.com\/spletna-prodaja\/politika-varstva-osebnih-podatkov\/","title":{"rendered":"Politika varstva osebnih podatkov"},"content":{"rendered":"\t\t<div data-elementor-type=\"wp-page\" data-elementor-id=\"347\" class=\"elementor elementor-347\" data-elementor-settings=\"[]\">\n\t\t\t\t\t\t\t<div class=\"elementor-section-wrap\">\n\t\t\t\t\t\t\t<section class=\"elementor-section elementor-top-section elementor-element elementor-element-1e9525a elementor-section-boxed elementor-section-height-default elementor-section-height-default\" data-id=\"1e9525a\" data-element_type=\"section\" data-settings=\"{&quot;background_background&quot;:&quot;classic&quot;,&quot;sticky&quot;:&quot;top&quot;,&quot;sticky_on&quot;:[&quot;desktop&quot;,&quot;tablet&quot;,&quot;mobile&quot;],&quot;sticky_offset&quot;:0,&quot;sticky_effects_offset&quot;:0}\">\n\t\t\t\t\t\t<div class=\"elementor-container elementor-column-gap-default\">\n\t\t\t\t\t<div class=\"elementor-column elementor-col-33 elementor-top-column elementor-element elementor-element-e333528\" data-id=\"e333528\" data-element_type=\"column\">\n\t\t\t<div class=\"elementor-widget-wrap elementor-element-populated\">\n\t\t\t\t\t\t\t\t<div class=\"elementor-element elementor-element-8d3e1c4 elementor-widget elementor-widget-image\" data-id=\"8d3e1c4\" data-element_type=\"widget\" data-widget_type=\"image.default\">\n\t\t\t\t<div class=\"elementor-widget-container\">\n\t\t\t\t\t<div class=\"elementor-image\">\n\t\t\t\t\t\t\t\t\t\t\t<a href=\"https:\/\/martinkorosec.com\/spletna-prodaja\/\">\n\t\t\t\t\t\t\t<img loading=\"lazy\" decoding=\"async\" width=\"501\" height=\"501\" src=\"https:\/\/martinkorosec.com\/spletna-prodaja\/wp-content\/uploads\/2021\/01\/spletna-prodaja-startaj-vceraj-logo.png\" class=\"attachment-large size-large\" alt=\"Spletna prodaja. \u0160tartaj. V\u010deraj!\" srcset=\"https:\/\/martinkorosec.com\/spletna-prodaja\/wp-content\/uploads\/2021\/01\/spletna-prodaja-startaj-vceraj-logo.png 501w, https:\/\/martinkorosec.com\/spletna-prodaja\/wp-content\/uploads\/2021\/01\/spletna-prodaja-startaj-vceraj-logo-300x300.png 300w, https:\/\/martinkorosec.com\/spletna-prodaja\/wp-content\/uploads\/2021\/01\/spletna-prodaja-startaj-vceraj-logo-100x100.png 100w, https:\/\/martinkorosec.com\/spletna-prodaja\/wp-content\/uploads\/2021\/01\/spletna-prodaja-startaj-vceraj-logo-150x150.png 150w\" sizes=\"auto, (max-width: 501px) 100vw, 501px\" \/>\t\t\t\t\t\t\t\t<\/a>\n\t\t\t\t\t\t\t\t\t\t\t<\/div>\n\t\t\t\t<\/div>\n\t\t\t\t<\/div>\n\t\t\t\t\t<\/div>\n\t\t<\/div>\n\t\t\t\t<div class=\"elementor-column elementor-col-33 elementor-top-column elementor-element elementor-element-b364911\" data-id=\"b364911\" data-element_type=\"column\">\n\t\t\t<div class=\"elementor-widget-wrap elementor-element-populated\">\n\t\t\t\t\t\t\t\t<div class=\"elementor-element elementor-element-6315a17 elementor-widget elementor-widget-text-editor\" data-id=\"6315a17\" data-element_type=\"widget\" data-widget_type=\"text-editor.default\">\n\t\t\t\t<div class=\"elementor-widget-container\">\n\t\t\t\t\t<div class=\"elementor-text-editor elementor-clearfix\"><p>SPLETNA PRODAJA: <strong><span style=\"color: #45bfb0;\">\u0160TARTAJ. V\u010cERAJ!<\/span><\/strong><\/p><\/div>\n\t\t\t\t<\/div>\n\t\t\t\t<\/div>\n\t\t\t\t\t<\/div>\n\t\t<\/div>\n\t\t\t\t<div class=\"elementor-column elementor-col-33 elementor-top-column elementor-element elementor-element-ea6db3e\" data-id=\"ea6db3e\" data-element_type=\"column\">\n\t\t\t<div class=\"elementor-widget-wrap elementor-element-populated\">\n\t\t\t\t\t\t\t\t<div class=\"elementor-element elementor-element-4f732e6 elementor-widget elementor-widget-text-editor\" data-id=\"4f732e6\" data-element_type=\"widget\" data-widget_type=\"text-editor.default\">\n\t\t\t\t<div class=\"elementor-widget-container\">\n\t\t\t\t\t<div class=\"elementor-text-editor elementor-clearfix\"><strong><a style=\"color: #fff !important;\" href=\"tel:041-319-701\"> 041 319 701<\/a><\/strong><\/div>\n\t\t\t\t<\/div>\n\t\t\t\t<\/div>\n\t\t\t\t\t<\/div>\n\t\t<\/div>\n\t\t\t\t\t\t\t<\/div>\n\t\t<\/section>\n\t\t\t\t<section class=\"elementor-section elementor-top-section elementor-element elementor-element-1ac22cf elementor-section-boxed elementor-section-height-default elementor-section-height-default\" data-id=\"1ac22cf\" data-element_type=\"section\" data-settings=\"{&quot;background_background&quot;:&quot;classic&quot;}\">\n\t\t\t\t\t\t<div class=\"elementor-container elementor-column-gap-default\">\n\t\t\t\t\t<div class=\"elementor-column elementor-col-100 elementor-top-column elementor-element elementor-element-07e4da1\" data-id=\"07e4da1\" data-element_type=\"column\">\n\t\t\t<div class=\"elementor-widget-wrap elementor-element-populated\">\n\t\t\t\t\t\t\t\t<div class=\"elementor-element elementor-element-0c47aa2 elementor-widget elementor-widget-text-editor\" data-id=\"0c47aa2\" data-element_type=\"widget\" data-widget_type=\"text-editor.default\">\n\t\t\t\t<div class=\"elementor-widget-container\">\n\t\t\t\t\t<div class=\"elementor-text-editor elementor-clearfix\"><p>Prakti\u010dni seminar. Koristen. Zabaven. <strong>Premierno v obliki zanimive televizijske oddaje.<\/strong><\/p><\/div>\n\t\t\t\t<\/div>\n\t\t\t\t<\/div>\n\t\t\t\t\t<\/div>\n\t\t<\/div>\n\t\t\t\t\t\t\t<\/div>\n\t\t<\/section>\n\t\t\t\t<section class=\"elementor-section elementor-top-section elementor-element elementor-element-ee53828 elementor-section-boxed elementor-section-height-default elementor-section-height-default\" data-id=\"ee53828\" data-element_type=\"section\">\n\t\t\t\t\t\t<div class=\"elementor-container elementor-column-gap-default\">\n\t\t\t\t\t<div class=\"elementor-column elementor-col-100 elementor-top-column elementor-element elementor-element-c4c274a\" data-id=\"c4c274a\" data-element_type=\"column\">\n\t\t\t<div class=\"elementor-widget-wrap elementor-element-populated\">\n\t\t\t\t\t\t\t\t<div class=\"elementor-element elementor-element-a8d0257 elementor-widget elementor-widget-text-editor\" data-id=\"a8d0257\" data-element_type=\"widget\" data-widget_type=\"text-editor.default\">\n\t\t\t\t<div class=\"elementor-widget-container\">\n\t\t\t\t\t<div class=\"elementor-text-editor elementor-clearfix\"><p><strong>POLITIKA VARSTVA OSEBNIH PODATKOV<\/strong><\/p><\/div>\n\t\t\t\t<\/div>\n\t\t\t\t<\/div>\n\t\t\t\t<div class=\"elementor-element elementor-element-3b2f1a9 elementor-widget elementor-widget-text-editor\" data-id=\"3b2f1a9\" data-element_type=\"widget\" data-widget_type=\"text-editor.default\">\n\t\t\t\t<div class=\"elementor-widget-container\">\n\t\t\t\t\t<div class=\"elementor-text-editor elementor-clearfix\"><p align=\"justify\"><strong>1. \u010dlen (Upravljavec osebnih podatkov in kontaktni podatki)<\/strong><br \/>Dolo\u010dbe tega dokumenta veljajo za zbiranje in obdelavo vseh osebnih podatkov, ki jih zbira in obdeluje dru\u017eba Rde\u010da Oran\u017ea, izkustveni marketing d.o.o. (nadalje upravljalec).<br \/><br \/>Podatki o upravljavcu:<br \/>Firma: Rde\u010da Oran\u017ea, izkustveni marketing d.o.o.<br \/>Naslov: Titova cesta 2A, 2000 Maribor<br \/>Mati\u010dna \u0161tevilka: 6790607000<br \/>Telefon: 041\/319-701<br \/>E-po\u0161ta:info@oranza.si<br \/><br \/>Podatki o poobla\u0161\u010deni osebi za varstvo podatkov:<br \/>Ime in Priimek\/firma: Martin Koro\u0161ec<br \/>Kontaktni telefon: 041\/319-701<br \/>Kontaktni e-po\u0161tni naslov: info@oranza.si<br \/><br \/><strong>2. \u010dlen<\/strong><br \/>(vrste obdelovanih osebnih podatkov)<br \/>Vrste osebnih podatkov, ki jih obdelujemo:<br \/>1. osnovni kontaktni podatki<br \/><br \/>\u2022 Ime in priimek<br \/>\u2022 E-naslov<br \/>\u2022 Telefonska \u0161tevilka<br \/>\u2022 Ime podjetja (\u010de se prijavljate kot podjetje)<br \/><br \/><strong>3.\u010dlen<\/strong><br \/>(podlaga za obdelavo osebnih podatkov) Osebne podatke obdelujemo kadar je to potrebno, za izpolnitev na\u0161ih obveznosti, ki nam jih nalaga zakonodaja, oziroma kadar je to potrebno za izpolnitev na\u0161ih obveznosti, na podlagi sklenejne pogodbe z vami. Osebne podatke obdelujemo tudi, kadar se podali soglasje za obdelavo va\u0161ih osebnih podatkov. Podano soglasje pa lahko kadarkoli prekli\u010dete.<br \/><br \/><strong>4. \u010dlen<\/strong><br \/>(Nameni obdelave osebnih podatkov) Osebne podatke zbiramo in obdelujemo z namenom: \u2022 Obve\u0161\u010danja naro\u010dnikov o poteku delavnic \u2022 Obve\u0161\u010danje o novih terminih delavnic \u2022 Obve\u0161\u010danje o novih temah delavnic<br \/><br \/><strong>5. \u010dlen<\/strong><br \/>(hramba osebnih podatkov) Osnovne kontaktne oseben podatke hranimo dokler imate na na\u0161i spletni strani status registriranega uporabnik. Osebne podatke, ki smo jih pridobili na podlagi va\u0161ega soglasja hranimo do preklica. Podatke o izdanih ra\u010dunih hranimo 10 let od izdaje. Podatke ki smo jih pridobili zaradi izpolnitve obveznosti, ki so nastale na podlagi sklenejen pogodbe hranimo \u0161e 5 let po izpolnitvi pogodbe . Po izteku obdobja hrambe osebne podatk trajno in u\u010dinkovito izbri\u0161emo, oziroma anonimiziramo, tako da izgubijo zna\u010daj osebnih podatkov.<br \/><br \/><strong>6. \u010clen<\/strong><br \/>(posredovanje osebnih podatkov) O tem ali nam boste posrdovali va\u0161e osebne podatke se odlo\u010date prostovoljno. Neposredovanje dolo\u010denih kategorij osebnih podatkov se lahko odrazi v nemo\u017enosti zagotavljanja storitve ali zavrnitvi sklenitve pogodbe.<br \/><br \/><strong>7. \u010dlen<\/strong><br \/>(dostop do osebnih podatkov) Dostop do va\u0161ih osebnih podatkov imajo zgolj osebe znotraj dru\u017ebe Rde\u010da Oran\u017ea, ki imajo pooblastila za obdelavo osebnih podatkov in tretje osebe s katerimi je dru\u017eba Rde\u010da Oran\u017ea sklenila pogodbo o obdelovanju podatkov t.i. pogodbeni obdelovalci osebnih podatkov. Pogodbeni obdelovalci izvajajo storitevobdelave osebnih podatkov v skladu z dolo\u010dili pogodbe sklenjenen med dru\u017ebo Rde\u010da Oran\u017ea in njimi. Pogodbenim obdelovalcem je prepovedano izna\u0161anje osebnih podatkov v tretje dr\u017eave in mednarodnem organizacije.<br \/><br \/><strong>8. \u010dlen<\/strong><br \/>(pravice v zvezi z osebnimi podatki) Od dru\u017ebe Rde\u010da Oran\u017ea lahko kadarkoli zahtevate, da vas seznani ali obdeluje va\u0161e osebne podatke, katere osebne podatke obdeluje, namen obdelave osebnih podatkov, kdo so uporabniki teh osebnih podatkov, obdobje hrambe osebnih podatkov in merila za dolo\u010ditev trajanja hrambe osebnih podatkov. Prav tako lahko zahtevate, da vas dru\u017eba seznani z obstojem avtomatiziranega sprjemanja odlo\u010ditev ter razlogi za njegovo uporabo, pomen njegove uporab in predvidene posledice. Prav tako lahko zahtevate popravek neto\u010dnih podatkov, ter omejitev obdelave kadar: &#8211; oporekate to\u010dnosti podatkov, za dolo\u010den \u010das, ki je potreben, da se to\u010dnost podatkov preveri. &#8211; Je obdelava nezakonita, vendar ne zahtevate izbrisa podatkov, temve\u010d omejitev njihove obdelave &#8211; Kadar osebnih podatkov ne potrebujemo ve\u010d, jih pa potrebujete vi za uveljavljanje in obrambo pravnih zahtevkov. V primeru, ko so izpolnjeni pogoji, ki so dolo\u010deni v \u010dlenu 17 Splo\u0161ne uredbe o varstvu osebnih podatkov, lahko zahtevate izbris vseh svojih osebnih podatkov (Right to be forgotten). V vsakem primeru pa kadar so bili podatki zbrani na podlagi va\u0161e privolitve, ki ste jo je naknadno preklicali. Zahtevate lahko tudi izpis svojih osebnih podatkov v strukturirani in berljivi obliki. Te podatke lahko brez ovir posredujete drugemu upravljalcu osebnih podatkov Zoper dru\u017ebo Rde\u010da Oran\u017ea imate mo\u017enost vlo\u017eiti prito\u017ebo pri informacijskem poobla\u0161\u010dencu, \u010de menite da dru\u017eba Rde\u010da Oran\u017ea ali druga oseba z obdelavo va\u0161ih osebnih podatkov kr\u0161i veljavno zakonodajo.<br \/><br \/><strong>9.\u010dlen<\/strong><br \/>(uveljavljanje pravic) Svoje zahtevke iz prej\u0161njega \u010dlena naslovit na katerikoli kontakt upravljalca, ki je naveden v 1. \u010clenu tega dokumenta. Za posredovanje osebnih podatkov lahko od vas zahtevamo, da predlo\u017eite dokaze o va\u0161i identitiet. V kolikor ne uspete zanesljivo dokazati, lastne identitete lahko va\u0161 zahtevek iz preje\u0161njega \u010dlena zavrnemo. Na va\u0161o zahtevo iz prej\u0161njega \u010dlena smo vam dol\u017eni odgovoriti takoj ko se z njo seznanimo in pridobimo ustrezne podatke. Najkasneje pa v roku 15 dni od prejema va\u0161e zhteve.<\/p><\/div>\n\t\t\t\t<\/div>\n\t\t\t\t<\/div>\n\t\t\t\t\t<\/div>\n\t\t<\/div>\n\t\t\t\t\t\t\t<\/div>\n\t\t<\/section>\n\t\t\t\t<section class=\"elementor-section elementor-top-section elementor-element elementor-element-ae42aa3 elementor-section-boxed elementor-section-height-default elementor-section-height-default\" data-id=\"ae42aa3\" data-element_type=\"section\">\n\t\t\t\t\t\t<div class=\"elementor-container elementor-column-gap-default\">\n\t\t\t\t\t<div class=\"elementor-column elementor-col-100 elementor-top-column elementor-element elementor-element-80cfdfc\" data-id=\"80cfdfc\" data-element_type=\"column\">\n\t\t\t<div class=\"elementor-widget-wrap elementor-element-populated\">\n\t\t\t\t\t\t\t\t<div class=\"elementor-element elementor-element-3b50c72 elementor-align-center elementor-widget elementor-widget-button\" data-id=\"3b50c72\" data-element_type=\"widget\" data-widget_type=\"button.default\">\n\t\t\t\t<div class=\"elementor-widget-container\">\n\t\t\t\t\t<div class=\"elementor-button-wrapper\">\n\t\t\t<a href=\"https:\/\/martinkorosec.com\/spletna-prodaja\" class=\"elementor-button-link elementor-button elementor-size-md\" role=\"button\">\n\t\t\t\t\t\t<span class=\"elementor-button-content-wrapper\">\n\t\t\t\t\t\t<span class=\"elementor-button-text\">NAZAJ NA GLAVNO STRAN<\/span>\n\t\t<\/span>\n\t\t\t\t\t<\/a>\n\t\t<\/div>\n\t\t\t\t<\/div>\n\t\t\t\t<\/div>\n\t\t\t\t\t<\/div>\n\t\t<\/div>\n\t\t\t\t\t\t\t<\/div>\n\t\t<\/section>\n\t\t\t\t<section class=\"elementor-section elementor-top-section elementor-element elementor-element-436e5d5 elementor-section-boxed elementor-section-height-default elementor-section-height-default\" data-id=\"436e5d5\" data-element_type=\"section\" data-settings=\"{&quot;background_background&quot;:&quot;classic&quot;}\">\n\t\t\t\t\t\t<div class=\"elementor-container elementor-column-gap-default\">\n\t\t\t\t\t<div class=\"elementor-column elementor-col-100 elementor-top-column elementor-element elementor-element-501906a\" data-id=\"501906a\" data-element_type=\"column\">\n\t\t\t<div class=\"elementor-widget-wrap elementor-element-populated\">\n\t\t\t\t\t\t\t\t<div class=\"elementor-element elementor-element-3dc8c22 elementor-widget elementor-widget-text-editor\" data-id=\"3dc8c22\" data-element_type=\"widget\" data-widget_type=\"text-editor.default\">\n\t\t\t\t<div class=\"elementor-widget-container\">\n\t\t\t\t\t<div class=\"elementor-text-editor elementor-clearfix\"><p><strong>Copyright 2021<\/strong>&nbsp;| <a href=\"#\" style=\"color: #fff;\">Splo\u0161ni pogoji poslovanja<\/a> | <a href=\"#\" style=\"color: #fff;\">Pravilnik o varovanju osebnih podatkov<\/a> | <a href=\"#\" style=\"color: #fff;\">Politika varstva osebnih podatkov<\/a><\/p><\/div>\n\t\t\t\t<\/div>\n\t\t\t\t<\/div>\n\t\t\t\t\t<\/div>\n\t\t<\/div>\n\t\t\t\t\t\t\t<\/div>\n\t\t<\/section>\n\t\t\t\t\t\t<\/div>\n\t\t\t\t\t<\/div>\n\t\t","protected":false},"excerpt":{"rendered":"<p>SPLETNA PRODAJA: \u0160TARTAJ. V\u010cERAJ! 041 319 701 Prakti\u010dni seminar. Koristen. Zabaven. Premierno v obliki zanimive televizijske oddaje. POLITIKA VARSTVA OSEBNIH PODATKOV 1. \u010dlen (Upravljavec osebnih podatkov in kontaktni podatki)Dolo\u010dbe tega dokumenta veljajo za zbiranje in obdelavo vseh osebnih podatkov, ki jih zbira in obdeluje dru\u017eba Rde\u010da Oran\u017ea, izkustveni marketing d.o.o. (nadalje upravljalec). Podatki o upravljavcu:Firma: [&hellip;]<\/p>\n","protected":false},"author":1,"featured_media":0,"parent":0,"menu_order":0,"comment_status":"closed","ping_status":"closed","template":"elementor_canvas","meta":{"footnotes":""},"class_list":["post-347","page","type-page","status-publish","hentry"],"yoast_head":"<!-- This site is optimized with the Yoast SEO plugin v15.9.2 - https:\/\/yoast.com\/wordpress\/plugins\/seo\/ -->\n<title>Politika varstva osebnih podatkov - Spletna prodaja: \u0160TARTAJ.<\/title>\n<link rel=\"canonical\" href=\"https:\/\/martinkorosec.com\/spletna-prodaja\/politika-varstva-osebnih-podatkov\/\" \/>\n<meta property=\"og:locale\" content=\"sl_SI\" \/>\n<meta property=\"og:type\" content=\"article\" \/>\n<meta property=\"og:title\" content=\"Politika varstva osebnih podatkov - Spletna prodaja: \u0160TARTAJ.\" \/>\n<meta property=\"og:description\" content=\"SPLETNA PRODAJA: \u0160TARTAJ. V\u010cERAJ! 041 319 701 Prakti\u010dni seminar. Koristen. Zabaven. Premierno v obliki zanimive televizijske oddaje. POLITIKA VARSTVA OSEBNIH PODATKOV 1. \u010dlen (Upravljavec osebnih podatkov in kontaktni podatki)Dolo\u010dbe tega dokumenta veljajo za zbiranje in obdelavo vseh osebnih podatkov, ki jih zbira in obdeluje dru\u017eba Rde\u010da Oran\u017ea, izkustveni marketing d.o.o. (nadalje upravljalec). Podatki o upravljavcu:Firma: [&hellip;]\" \/>\n<meta property=\"og:url\" content=\"https:\/\/martinkorosec.com\/spletna-prodaja\/politika-varstva-osebnih-podatkov\/\" \/>\n<meta property=\"og:site_name\" content=\"Spletna prodaja: \u0160TARTAJ.\" \/>\n<meta property=\"article:modified_time\" content=\"2021-02-02T12:57:58+00:00\" \/>\n<meta property=\"og:image\" content=\"https:\/\/martinkorosec.com\/spletna-prodaja\/wp-content\/uploads\/2021\/01\/spletna-prodaja-startaj-vceraj-logo.png\" \/>\n<meta name=\"twitter:card\" content=\"summary_large_image\" \/>\n<meta name=\"twitter:label1\" content=\"Est. reading time\">\n\t<meta name=\"twitter:data1\" content=\"4 minute\">\n<script type=\"application\/ld+json\" class=\"yoast-schema-graph\">{\"@context\":\"https:\/\/schema.org\",\"@graph\":[{\"@type\":\"WebSite\",\"@id\":\"https:\/\/martinkorosec.com\/spletna-prodaja\/#website\",\"url\":\"https:\/\/martinkorosec.com\/spletna-prodaja\/\",\"name\":\"Spletna prodaja: \\u0160TARTAJ.\",\"description\":\"Prakti\\u010dni seminar. Koristen. Zabaven. Premierno v obliki zanimive televizijske oddaje.\",\"potentialAction\":[{\"@type\":\"SearchAction\",\"target\":\"https:\/\/martinkorosec.com\/spletna-prodaja\/?s={search_term_string}\",\"query-input\":\"required name=search_term_string\"}],\"inLanguage\":\"sl-SI\"},{\"@type\":\"ImageObject\",\"@id\":\"https:\/\/martinkorosec.com\/spletna-prodaja\/politika-varstva-osebnih-podatkov\/#primaryimage\",\"inLanguage\":\"sl-SI\",\"url\":\"https:\/\/martinkorosec.com\/spletna-prodaja\/wp-content\/uploads\/2021\/01\/spletna-prodaja-startaj-vceraj-logo.png\",\"width\":501,\"height\":501,\"caption\":\"Spletna prodaja. \\u0160tartaj. V\\u010deraj! Seminar v obliki zanimive televizijske oddaje.\"},{\"@type\":\"WebPage\",\"@id\":\"https:\/\/martinkorosec.com\/spletna-prodaja\/politika-varstva-osebnih-podatkov\/#webpage\",\"url\":\"https:\/\/martinkorosec.com\/spletna-prodaja\/politika-varstva-osebnih-podatkov\/\",\"name\":\"Politika varstva osebnih podatkov - Spletna prodaja: \\u0160TARTAJ.\",\"isPartOf\":{\"@id\":\"https:\/\/martinkorosec.com\/spletna-prodaja\/#website\"},\"primaryImageOfPage\":{\"@id\":\"https:\/\/martinkorosec.com\/spletna-prodaja\/politika-varstva-osebnih-podatkov\/#primaryimage\"},\"datePublished\":\"2021-02-02T11:40:28+00:00\",\"dateModified\":\"2021-02-02T12:57:58+00:00\",\"breadcrumb\":{\"@id\":\"https:\/\/martinkorosec.com\/spletna-prodaja\/politika-varstva-osebnih-podatkov\/#breadcrumb\"},\"inLanguage\":\"sl-SI\",\"potentialAction\":[{\"@type\":\"ReadAction\",\"target\":[\"https:\/\/martinkorosec.com\/spletna-prodaja\/politika-varstva-osebnih-podatkov\/\"]}]},{\"@type\":\"BreadcrumbList\",\"@id\":\"https:\/\/martinkorosec.com\/spletna-prodaja\/politika-varstva-osebnih-podatkov\/#breadcrumb\",\"itemListElement\":[{\"@type\":\"ListItem\",\"position\":1,\"item\":{\"@type\":\"WebPage\",\"@id\":\"https:\/\/martinkorosec.com\/spletna-prodaja\/\",\"url\":\"https:\/\/martinkorosec.com\/spletna-prodaja\/\",\"name\":\"Home\"}},{\"@type\":\"ListItem\",\"position\":2,\"item\":{\"@type\":\"WebPage\",\"@id\":\"https:\/\/martinkorosec.com\/spletna-prodaja\/politika-varstva-osebnih-podatkov\/\",\"url\":\"https:\/\/martinkorosec.com\/spletna-prodaja\/politika-varstva-osebnih-podatkov\/\",\"name\":\"Politika varstva osebnih podatkov\"}}]}]}<\/script>\n<!-- \/ Yoast SEO plugin. -->","_links":{"self":[{"href":"https:\/\/martinkorosec.com\/spletna-prodaja\/wp-json\/wp\/v2\/pages\/347","targetHints":{"allow":["GET"]}}],"collection":[{"href":"https:\/\/martinkorosec.com\/spletna-prodaja\/wp-json\/wp\/v2\/pages"}],"about":[{"href":"https:\/\/martinkorosec.com\/spletna-prodaja\/wp-json\/wp\/v2\/types\/page"}],"author":[{"embeddable":true,"href":"https:\/\/martinkorosec.com\/spletna-prodaja\/wp-json\/wp\/v2\/users\/1"}],"replies":[{"embeddable":true,"href":"https:\/\/martinkorosec.com\/spletna-prodaja\/wp-json\/wp\/v2\/comments?post=347"}],"version-history":[{"count":7,"href":"https:\/\/martinkorosec.com\/spletna-prodaja\/wp-json\/wp\/v2\/pages\/347\/revisions"}],"predecessor-version":[{"id":392,"href":"https:\/\/martinkorosec.com\/spletna-prodaja\/wp-json\/wp\/v2\/pages\/347\/revisions\/392"}],"wp:attachment":[{"href":"https:\/\/martinkorosec.com\/spletna-prodaja\/wp-json\/wp\/v2\/media?parent=347"}],"curies":[{"name":"wp","href":"https:\/\/api.w.org\/{rel}","templated":true}]}}