{"id":415,"date":"2021-02-10T06:07:46","date_gmt":"2021-02-10T06:07:46","guid":{"rendered":"https:\/\/martinkorosec.com\/spletna-prodaja\/?page_id=415"},"modified":"2021-02-10T07:53:44","modified_gmt":"2021-02-10T07:53:44","slug":"prijava-uspesna","status":"publish","type":"page","link":"https:\/\/martinkorosec.com\/spletna-prodaja\/prijava-uspesna\/","title":{"rendered":"Prijava uspe\u0161na!"},"content":{"rendered":"\t\t<div data-elementor-type=\"wp-page\" data-elementor-id=\"415\" class=\"elementor elementor-415\" data-elementor-settings=\"[]\">\n\t\t\t\t\t\t\t<div class=\"elementor-section-wrap\">\n\t\t\t\t\t\t\t<section class=\"elementor-section elementor-top-section elementor-element elementor-element-1e9525a elementor-section-boxed elementor-section-height-default elementor-section-height-default\" data-id=\"1e9525a\" data-element_type=\"section\" data-settings=\"{&quot;background_background&quot;:&quot;classic&quot;,&quot;sticky&quot;:&quot;top&quot;,&quot;sticky_on&quot;:[&quot;desktop&quot;,&quot;tablet&quot;,&quot;mobile&quot;],&quot;sticky_offset&quot;:0,&quot;sticky_effects_offset&quot;:0}\">\n\t\t\t\t\t\t<div class=\"elementor-container elementor-column-gap-default\">\n\t\t\t\t\t<div class=\"elementor-column elementor-col-33 elementor-top-column elementor-element elementor-element-e333528\" data-id=\"e333528\" data-element_type=\"column\">\n\t\t\t<div class=\"elementor-widget-wrap elementor-element-populated\">\n\t\t\t\t\t\t\t\t<div class=\"elementor-element elementor-element-8d3e1c4 elementor-widget elementor-widget-image\" data-id=\"8d3e1c4\" data-element_type=\"widget\" data-widget_type=\"image.default\">\n\t\t\t\t<div class=\"elementor-widget-container\">\n\t\t\t\t\t<div class=\"elementor-image\">\n\t\t\t\t\t\t\t\t\t\t\t<a href=\"https:\/\/martinkorosec.com\/spletna-prodaja\/\">\n\t\t\t\t\t\t\t<img loading=\"lazy\" decoding=\"async\" width=\"501\" height=\"501\" src=\"https:\/\/martinkorosec.com\/spletna-prodaja\/wp-content\/uploads\/2021\/01\/spletna-prodaja-startaj-vceraj-logo.png\" class=\"attachment-large size-large\" alt=\"Spletna prodaja. \u0160tartaj. V\u010deraj!\" srcset=\"https:\/\/martinkorosec.com\/spletna-prodaja\/wp-content\/uploads\/2021\/01\/spletna-prodaja-startaj-vceraj-logo.png 501w, https:\/\/martinkorosec.com\/spletna-prodaja\/wp-content\/uploads\/2021\/01\/spletna-prodaja-startaj-vceraj-logo-300x300.png 300w, https:\/\/martinkorosec.com\/spletna-prodaja\/wp-content\/uploads\/2021\/01\/spletna-prodaja-startaj-vceraj-logo-100x100.png 100w, https:\/\/martinkorosec.com\/spletna-prodaja\/wp-content\/uploads\/2021\/01\/spletna-prodaja-startaj-vceraj-logo-150x150.png 150w\" sizes=\"auto, (max-width: 501px) 100vw, 501px\" \/>\t\t\t\t\t\t\t\t<\/a>\n\t\t\t\t\t\t\t\t\t\t\t<\/div>\n\t\t\t\t<\/div>\n\t\t\t\t<\/div>\n\t\t\t\t\t<\/div>\n\t\t<\/div>\n\t\t\t\t<div class=\"elementor-column elementor-col-33 elementor-top-column elementor-element elementor-element-b364911\" data-id=\"b364911\" data-element_type=\"column\">\n\t\t\t<div class=\"elementor-widget-wrap elementor-element-populated\">\n\t\t\t\t\t\t\t\t<div class=\"elementor-element elementor-element-6315a17 elementor-widget elementor-widget-text-editor\" data-id=\"6315a17\" data-element_type=\"widget\" data-widget_type=\"text-editor.default\">\n\t\t\t\t<div class=\"elementor-widget-container\">\n\t\t\t\t\t<div class=\"elementor-text-editor elementor-clearfix\"><p>SPLETNA PRODAJA: <strong><span style=\"color: #45bfb0;\">\u0160TARTAJ. V\u010cERAJ!<\/span><\/strong><\/p><\/div>\n\t\t\t\t<\/div>\n\t\t\t\t<\/div>\n\t\t\t\t\t<\/div>\n\t\t<\/div>\n\t\t\t\t<div class=\"elementor-column elementor-col-33 elementor-top-column elementor-element elementor-element-ea6db3e\" data-id=\"ea6db3e\" data-element_type=\"column\">\n\t\t\t<div class=\"elementor-widget-wrap elementor-element-populated\">\n\t\t\t\t\t\t\t\t<div class=\"elementor-element elementor-element-4f732e6 elementor-widget elementor-widget-text-editor\" data-id=\"4f732e6\" data-element_type=\"widget\" data-widget_type=\"text-editor.default\">\n\t\t\t\t<div class=\"elementor-widget-container\">\n\t\t\t\t\t<div class=\"elementor-text-editor elementor-clearfix\"><strong><a style=\"color: #fff !important;\" href=\"tel:041-319-701\"> 041 319 701<\/a><\/strong><\/div>\n\t\t\t\t<\/div>\n\t\t\t\t<\/div>\n\t\t\t\t\t<\/div>\n\t\t<\/div>\n\t\t\t\t\t\t\t<\/div>\n\t\t<\/section>\n\t\t\t\t<section class=\"elementor-section elementor-top-section elementor-element elementor-element-1ac22cf elementor-section-boxed elementor-section-height-default elementor-section-height-default\" data-id=\"1ac22cf\" data-element_type=\"section\" data-settings=\"{&quot;background_background&quot;:&quot;classic&quot;}\">\n\t\t\t\t\t\t<div class=\"elementor-container elementor-column-gap-default\">\n\t\t\t\t\t<div class=\"elementor-column elementor-col-100 elementor-top-column elementor-element elementor-element-07e4da1\" data-id=\"07e4da1\" data-element_type=\"column\">\n\t\t\t<div class=\"elementor-widget-wrap elementor-element-populated\">\n\t\t\t\t\t\t\t\t<div class=\"elementor-element elementor-element-0c47aa2 elementor-widget elementor-widget-text-editor\" data-id=\"0c47aa2\" data-element_type=\"widget\" data-widget_type=\"text-editor.default\">\n\t\t\t\t<div class=\"elementor-widget-container\">\n\t\t\t\t\t<div class=\"elementor-text-editor elementor-clearfix\"><p>Prakti\u010dni seminar. Koristen. Zabaven. <strong>Premierno v obliki zanimive televizijske oddaje.<\/strong><\/p><\/div>\n\t\t\t\t<\/div>\n\t\t\t\t<\/div>\n\t\t\t\t\t<\/div>\n\t\t<\/div>\n\t\t\t\t\t\t\t<\/div>\n\t\t<\/section>\n\t\t\t\t<section class=\"elementor-section elementor-top-section elementor-element elementor-element-ee53828 elementor-section-boxed elementor-section-height-default elementor-section-height-default\" data-id=\"ee53828\" data-element_type=\"section\">\n\t\t\t\t\t\t<div class=\"elementor-container elementor-column-gap-default\">\n\t\t\t\t\t<div class=\"elementor-column elementor-col-100 elementor-top-column elementor-element elementor-element-c4c274a\" data-id=\"c4c274a\" data-element_type=\"column\">\n\t\t\t<div class=\"elementor-widget-wrap elementor-element-populated\">\n\t\t\t\t\t\t\t\t<div class=\"elementor-element elementor-element-a8d0257 elementor-widget elementor-widget-text-editor\" data-id=\"a8d0257\" data-element_type=\"widget\" data-widget_type=\"text-editor.default\">\n\t\t\t\t<div class=\"elementor-widget-container\">\n\t\t\t\t\t<div class=\"elementor-text-editor elementor-clearfix\"><p><strong>PRIJAVA USPE\u0160NA!<\/strong><\/p><\/div>\n\t\t\t\t<\/div>\n\t\t\t\t<\/div>\n\t\t\t\t<div class=\"elementor-element elementor-element-3b2f1a9 elementor-widget elementor-widget-text-editor\" data-id=\"3b2f1a9\" data-element_type=\"widget\" data-widget_type=\"text-editor.default\">\n\t\t\t\t<div class=\"elementor-widget-container\">\n\t\t\t\t\t<div class=\"elementor-text-editor elementor-clearfix\"><p>Hvala vam, <strong>va\u0161a prijava je bila zabele\u017eena!<\/strong><\/p><p>Vse podrobnosti prejmete na vpisan\u00a0<b>e-naslov<\/b>.<\/p><\/div>\n\t\t\t\t<\/div>\n\t\t\t\t<\/div>\n\t\t\t\t\t<\/div>\n\t\t<\/div>\n\t\t\t\t\t\t\t<\/div>\n\t\t<\/section>\n\t\t\t\t<section class=\"elementor-section elementor-top-section elementor-element elementor-element-436e5d5 elementor-section-boxed elementor-section-height-default elementor-section-height-default\" data-id=\"436e5d5\" data-element_type=\"section\" data-settings=\"{&quot;background_background&quot;:&quot;classic&quot;}\">\n\t\t\t\t\t\t<div class=\"elementor-container elementor-column-gap-default\">\n\t\t\t\t\t<div class=\"elementor-column elementor-col-100 elementor-top-column elementor-element elementor-element-501906a\" data-id=\"501906a\" data-element_type=\"column\">\n\t\t\t<div class=\"elementor-widget-wrap elementor-element-populated\">\n\t\t\t\t\t\t\t\t<div class=\"elementor-element elementor-element-f413ef6 elementor-widget elementor-widget-text-editor\" data-id=\"f413ef6\" data-element_type=\"widget\" data-widget_type=\"text-editor.default\">\n\t\t\t\t<div class=\"elementor-widget-container\">\n\t\t\t\t\t<div class=\"elementor-text-editor elementor-clearfix\"><p><strong>Copyright 2021<\/strong>&nbsp;| <a href=\"#\" style=\"color: #fff;\">Splo\u0161ni pogoji poslovanja<\/a> | <a href=\"#\" style=\"color: #fff;\">Pravilnik o varovanju osebnih podatkov<\/a> | <a href=\"#\" style=\"color: #fff;\">Politika varstva osebnih podatkov<\/a><\/p><\/div>\n\t\t\t\t<\/div>\n\t\t\t\t<\/div>\n\t\t\t\t\t<\/div>\n\t\t<\/div>\n\t\t\t\t\t\t\t<\/div>\n\t\t<\/section>\n\t\t\t\t\t\t<\/div>\n\t\t\t\t\t<\/div>\n\t\t","protected":false},"excerpt":{"rendered":"<p>SPLETNA PRODAJA: \u0160TARTAJ. V\u010cERAJ! 041 319 701 Prakti\u010dni seminar. Koristen. Zabaven. Premierno v obliki zanimive televizijske oddaje. PRIJAVA USPE\u0160NA! Hvala vam, va\u0161a prijava je bila zabele\u017eena! Vse podrobnosti prejmete na vpisan\u00a0e-naslov. Copyright 2021&nbsp;| Splo\u0161ni pogoji poslovanja | Pravilnik o varovanju osebnih podatkov | Politika varstva osebnih podatkov<\/p>\n","protected":false},"author":1,"featured_media":0,"parent":0,"menu_order":0,"comment_status":"closed","ping_status":"closed","template":"elementor_canvas","meta":{"footnotes":""},"class_list":["post-415","page","type-page","status-publish","hentry"],"yoast_head":"<!-- This site is optimized with the Yoast SEO plugin v15.9.2 - https:\/\/yoast.com\/wordpress\/plugins\/seo\/ -->\n<title>Prijava uspe\u0161na! - Spletna prodaja: \u0160TARTAJ.<\/title>\n<link rel=\"canonical\" href=\"https:\/\/martinkorosec.com\/spletna-prodaja\/prijava-uspesna\/\" \/>\n<meta property=\"og:locale\" content=\"sl_SI\" \/>\n<meta property=\"og:type\" content=\"article\" \/>\n<meta property=\"og:title\" content=\"Prijava uspe\u0161na! - Spletna prodaja: \u0160TARTAJ.\" \/>\n<meta property=\"og:description\" content=\"SPLETNA PRODAJA: \u0160TARTAJ. V\u010cERAJ! 041 319 701 Prakti\u010dni seminar. Koristen. Zabaven. Premierno v obliki zanimive televizijske oddaje. PRIJAVA USPE\u0160NA! Hvala vam, va\u0161a prijava je bila zabele\u017eena! Vse podrobnosti prejmete na vpisan\u00a0e-naslov. Copyright 2021&nbsp;| Splo\u0161ni pogoji poslovanja | Pravilnik o varovanju osebnih podatkov | Politika varstva osebnih podatkov\" \/>\n<meta property=\"og:url\" content=\"https:\/\/martinkorosec.com\/spletna-prodaja\/prijava-uspesna\/\" \/>\n<meta property=\"og:site_name\" content=\"Spletna prodaja: \u0160TARTAJ.\" \/>\n<meta property=\"article:modified_time\" content=\"2021-02-10T07:53:44+00:00\" \/>\n<meta property=\"og:image\" content=\"https:\/\/martinkorosec.com\/spletna-prodaja\/wp-content\/uploads\/2021\/01\/spletna-prodaja-startaj-vceraj-logo.png\" \/>\n<meta name=\"twitter:card\" content=\"summary_large_image\" \/>\n<script type=\"application\/ld+json\" class=\"yoast-schema-graph\">{\"@context\":\"https:\/\/schema.org\",\"@graph\":[{\"@type\":\"WebSite\",\"@id\":\"https:\/\/martinkorosec.com\/spletna-prodaja\/#website\",\"url\":\"https:\/\/martinkorosec.com\/spletna-prodaja\/\",\"name\":\"Spletna prodaja: \\u0160TARTAJ.\",\"description\":\"Prakti\\u010dni seminar. Koristen. Zabaven. Premierno v obliki zanimive televizijske oddaje.\",\"potentialAction\":[{\"@type\":\"SearchAction\",\"target\":\"https:\/\/martinkorosec.com\/spletna-prodaja\/?s={search_term_string}\",\"query-input\":\"required name=search_term_string\"}],\"inLanguage\":\"sl-SI\"},{\"@type\":\"ImageObject\",\"@id\":\"https:\/\/martinkorosec.com\/spletna-prodaja\/prijava-uspesna\/#primaryimage\",\"inLanguage\":\"sl-SI\",\"url\":\"https:\/\/martinkorosec.com\/spletna-prodaja\/wp-content\/uploads\/2021\/01\/spletna-prodaja-startaj-vceraj-logo.png\",\"width\":501,\"height\":501,\"caption\":\"Spletna prodaja. \\u0160tartaj. V\\u010deraj! Seminar v obliki zanimive televizijske oddaje.\"},{\"@type\":\"WebPage\",\"@id\":\"https:\/\/martinkorosec.com\/spletna-prodaja\/prijava-uspesna\/#webpage\",\"url\":\"https:\/\/martinkorosec.com\/spletna-prodaja\/prijava-uspesna\/\",\"name\":\"Prijava uspe\\u0161na! - Spletna prodaja: \\u0160TARTAJ.\",\"isPartOf\":{\"@id\":\"https:\/\/martinkorosec.com\/spletna-prodaja\/#website\"},\"primaryImageOfPage\":{\"@id\":\"https:\/\/martinkorosec.com\/spletna-prodaja\/prijava-uspesna\/#primaryimage\"},\"datePublished\":\"2021-02-10T06:07:46+00:00\",\"dateModified\":\"2021-02-10T07:53:44+00:00\",\"breadcrumb\":{\"@id\":\"https:\/\/martinkorosec.com\/spletna-prodaja\/prijava-uspesna\/#breadcrumb\"},\"inLanguage\":\"sl-SI\",\"potentialAction\":[{\"@type\":\"ReadAction\",\"target\":[\"https:\/\/martinkorosec.com\/spletna-prodaja\/prijava-uspesna\/\"]}]},{\"@type\":\"BreadcrumbList\",\"@id\":\"https:\/\/martinkorosec.com\/spletna-prodaja\/prijava-uspesna\/#breadcrumb\",\"itemListElement\":[{\"@type\":\"ListItem\",\"position\":1,\"item\":{\"@type\":\"WebPage\",\"@id\":\"https:\/\/martinkorosec.com\/spletna-prodaja\/\",\"url\":\"https:\/\/martinkorosec.com\/spletna-prodaja\/\",\"name\":\"Home\"}},{\"@type\":\"ListItem\",\"position\":2,\"item\":{\"@type\":\"WebPage\",\"@id\":\"https:\/\/martinkorosec.com\/spletna-prodaja\/prijava-uspesna\/\",\"url\":\"https:\/\/martinkorosec.com\/spletna-prodaja\/prijava-uspesna\/\",\"name\":\"Prijava uspe\\u0161na!\"}}]}]}<\/script>\n<!-- \/ Yoast SEO plugin. -->","_links":{"self":[{"href":"https:\/\/martinkorosec.com\/spletna-prodaja\/wp-json\/wp\/v2\/pages\/415","targetHints":{"allow":["GET"]}}],"collection":[{"href":"https:\/\/martinkorosec.com\/spletna-prodaja\/wp-json\/wp\/v2\/pages"}],"about":[{"href":"https:\/\/martinkorosec.com\/spletna-prodaja\/wp-json\/wp\/v2\/types\/page"}],"author":[{"embeddable":true,"href":"https:\/\/martinkorosec.com\/spletna-prodaja\/wp-json\/wp\/v2\/users\/1"}],"replies":[{"embeddable":true,"href":"https:\/\/martinkorosec.com\/spletna-prodaja\/wp-json\/wp\/v2\/comments?post=415"}],"version-history":[{"count":7,"href":"https:\/\/martinkorosec.com\/spletna-prodaja\/wp-json\/wp\/v2\/pages\/415\/revisions"}],"predecessor-version":[{"id":422,"href":"https:\/\/martinkorosec.com\/spletna-prodaja\/wp-json\/wp\/v2\/pages\/415\/revisions\/422"}],"wp:attachment":[{"href":"https:\/\/martinkorosec.com\/spletna-prodaja\/wp-json\/wp\/v2\/media?parent=415"}],"curies":[{"name":"wp","href":"https:\/\/api.w.org\/{rel}","templated":true}]}}